{"id":331,"date":"2020-03-23T16:20:25","date_gmt":"2020-03-23T16:20:25","guid":{"rendered":"https:\/\/agro-dienstleistungen.ch\/cms\/landwirtschaft\/?page_id=331"},"modified":"2021-03-18T13:05:46","modified_gmt":"2021-03-18T13:05:46","slug":"labels","status":"publish","type":"page","link":"https:\/\/farmer.ch\/landwirtschaft\/der-betrieb\/tierhaltung\/labels\/","title":{"rendered":"Konsumenteninfos \/ Labels"},"content":{"rendered":"<p>[et_pb_section fb_built=&#8220;1&#8243; fullwidth=&#8220;on&#8220; _builder_version=&#8220;4.3.4&#8243;][et_pb_fullwidth_slider show_arrows=&#8220;off&#8220; show_pagination=&#8220;off&#8220; _builder_version=&#8220;4.3.4&#8243; background_enable_image=&#8220;off&#8220; background_position=&#8220;top_left&#8220; custom_padding=&#8220;||||false|false&#8220; hover_enabled=&#8220;0&#8243;][et_pb_slide heading=&#8220;Konsumenteninfos \/ Labels&#8220; use_bg_overlay=&#8220;off&#8220; use_text_overlay=&#8220;off&#8220; _builder_version=&#8220;4.3.4&#8243; header_font=&#8220;|700|||||||&#8220; header_text_align=&#8220;center&#8220; header_font_size=&#8220;54px&#8220; body_font=&#8220;|700||on|||||&#8220; body_text_align=&#8220;center&#8220; body_text_color=&#8220;#ffffff&#8220; body_font_size=&#8220;35px&#8220; background_color=&#8220;rgba(0,0,0,0)&#8220; background_enable_color=&#8220;on&#8220; background_image=&#8220;https:\/\/farmer.ch\/landwirtschaft\/wp-content\/uploads\/sites\/7\/2020\/03\/Hofphot20192-1.jpg&#8220; background_enable_image=&#8220;on&#8220; custom_padding=&#8220;||||false|false&#8220; hover_enabled=&#8220;0&#8243; body_text_shadow_style=&#8220;preset1&#8243; border_width_all_image=&#8220;2px&#8220; border_color_all_image=&#8220;#ffffff&#8220; box_shadow_style_image=&#8220;preset1&#8243; text_shadow_style=&#8220;preset1&#8243;]<span style=\"color: #ffffff;\"><a style=\"color: #ffffff;\" href=\"\/landwirtschaft\/der-betrieb\/\/\">Betrieb<\/a> \u00a0\u00a0\u00a0\u00a0\u00a0\u00a0\u00a0\u00a0<a style=\"color: #ffffff;\" href=\"\/landwirtschaft\/der-betrieb\/tierhaltung\/\">Tierhaltung<\/a> \u00a0\u00a0\u00a0\u00a0\u00a0<a style=\"color: #ffffff;\" href=\"\/landwirtschaft\/der-betrieb\/ackerbau\/\">Ackerbau<\/a>\u00a0\u00a0\u00a0\u00a0\u00a0 <a style=\"color: #ffffff;\" href=\"\/landwirtschaft\/der-betrieb\/termine\/\"> Tag der offenen T\u00fcr<\/a><\/span>[\/et_pb_slide][\/et_pb_fullwidth_slider][\/et_pb_section][et_pb_section fb_built=&#8220;1&#8243; _builder_version=&#8220;4.3.4&#8243; background_color=&#8220;rgba(0,0,0,0)&#8220; background_enable_image=&#8220;off&#8220; background_size=&#8220;initial&#8220; background_position=&#8220;bottom_right&#8220; custom_margin=&#8220;||||false|false&#8220;][et_pb_row _builder_version=&#8220;4.3.4&#8243;][et_pb_column type=&#8220;4_4&#8243; _builder_version=&#8220;4.3.4&#8243;][et_pb_text _builder_version=&#8220;4.3.4&#8243; text_font_size=&#8220;26px&#8220; text_orientation=&#8220;center&#8220;]Lieber Besucher, als Landwirt scheint es f\u00fcr mich Pflicht, Sie \u00fcber die Produktion verschiedener Lebensmittel zu informieren. In den Medien und auch im Marketing der Grossverteiler findet heute eine Verzerrung der Informationen statt, so dass der Konsument h\u00e4ufig verunsichert wird.[\/et_pb_text][et_pb_divider _builder_version=&#8220;4.3.4&#8243;][\/et_pb_divider][et_pb_text _builder_version=&#8220;4.3.4&#8243;]<\/p>\n<h1>Rindfleisch-Labels \/ Unterschied Bio \/ \u00d6LN<\/h1>\n<p>In der untenstehenden Auflistung wird nur auf die wichtigsten, f\u00fcr Sie als Konsument relevanten, Bedingungen eingegangen. GVO- Futter, Tiermehl, Kl\u00e4rschlamm oder elektrische Viehtreibapparate sind heute weitgehend verboten und werden daher nicht mehr speziell erw\u00e4hnt. Auch die Einhaltung der Haltungsvorschriften f\u00fcr Tiere sind meiner Meinung nach selbstverst\u00e4ndlich.<br \/>Ich kann auf die Richtigkeit der Aufstellung keine Garantie abgeben, zudem sind die Beschreibungen nicht mehr ganz aktuell.<\/p>\n<p>[\/et_pb_text][et_pb_text _builder_version=&#8220;4.3.4&#8243;]<\/p>\n<p>In der Fleischssparte und auch bei anderen Lebensmitteln gibt es mittlerweile derart viele Labels, dass kaum einer weiss, was sie eigentlich bedeuten. Das einzige, was alle gemeinsam haben, ist, dass es sich immer um CH-Fleisch handelt. Wenn Sie aber meinen, dass zB. Bio auch immer gute Fleischqualit\u00e4t und strengste Haltungsformen bedeutet, so ist dies aber kein Garant. Denn Bio ist zwar immer Bio, sagt aber nur wenig \u00fcber die tats\u00e4chliche Qualit\u00e4t des Tieres und die Haltungsform der Tiere aus. Wenn sie eine spezielle Qualit\u00e4t einkaufen m\u00f6chten, kommen sie nicht darum herum sich vorg\u00e4ngig umfassend zu informieren.<br \/><strong>Kaufen Sie Schweizer Fleisch!<\/strong><br \/><strong>Hierzulande gelten die wohl strengsten Haltungs- und Tiertransportvorschriften der Welt!<\/strong><\/p>\n<p>[\/et_pb_text][et_pb_gallery gallery_ids=&#8220;338,339,337,340&#8243; _builder_version=&#8220;4.3.4&#8243;][\/et_pb_gallery][et_pb_text _builder_version=&#8220;4.3.4&#8243;]<\/p>\n<p><strong>Warum hat es im Berggebiet so viele Biobetriebe?<\/strong><br \/>Im Berggebiet kann aus klimatischen Gr\u00fcnden nur Gr\u00fcnland bewirtschaftet werden. Die mageren Bergwiesen ben\u00f6tigen kaum D\u00fcnger und Pflanzenschutz ist ausser bei Unkrautbehandlungen kaum erforderlich. Das bedeutet m\u00e4ssigen Mehraufwand bei deutlich h\u00f6heren Mehrerl\u00f6sen.<\/p>\n<p>[\/et_pb_text][\/et_pb_column][\/et_pb_row][\/et_pb_section]<\/p>\n","protected":false},"excerpt":{"rendered":"<p>[et_pb_section fb_built=&#8220;1&#8243; fullwidth=&#8220;on&#8220; _builder_version=&#8220;4.3.4&#8243;][et_pb_fullwidth_slider show_arrows=&#8220;off&#8220; show_pagination=&#8220;off&#8220; _builder_version=&#8220;4.3.4&#8243; background_enable_image=&#8220;off&#8220; background_position=&#8220;top_left&#8220; custom_padding=&#8220;||||false|false&#8220; hover_enabled=&#8220;0&#8243;][et_pb_slide heading=&#8220;Konsumenteninfos \/ Labels&#8220; use_bg_overlay=&#8220;off&#8220; use_text_overlay=&#8220;off&#8220; _builder_version=&#8220;4.3.4&#8243; header_font=&#8220;|700|||||||&#8220; header_text_align=&#8220;center&#8220; header_font_size=&#8220;54px&#8220; body_font=&#8220;|700||on|||||&#8220; body_text_align=&#8220;center&#8220; body_text_color=&#8220;#ffffff&#8220; body_font_size=&#8220;35px&#8220; background_color=&#8220;rgba(0,0,0,0)&#8220; background_enable_color=&#8220;on&#8220; background_image=&#8220;https:\/\/farmer.ch\/landwirtschaft\/wp-content\/uploads\/sites\/7\/2020\/03\/Hofphot20192-1.jpg&#8220; background_enable_image=&#8220;on&#8220; custom_padding=&#8220;||||false|false&#8220; hover_enabled=&#8220;0&#8243; body_text_shadow_style=&#8220;preset1&#8243; border_width_all_image=&#8220;2px&#8220; border_color_all_image=&#8220;#ffffff&#8220; box_shadow_style_image=&#8220;preset1&#8243; text_shadow_style=&#8220;preset1&#8243;]Betrieb \u00a0\u00a0\u00a0\u00a0\u00a0\u00a0\u00a0\u00a0Tierhaltung \u00a0\u00a0\u00a0\u00a0\u00a0Ackerbau\u00a0\u00a0\u00a0\u00a0\u00a0 Tag der offenen T\u00fcr[\/et_pb_slide][\/et_pb_fullwidth_slider][\/et_pb_section][et_pb_section fb_built=&#8220;1&#8243; _builder_version=&#8220;4.3.4&#8243; background_color=&#8220;rgba(0,0,0,0)&#8220; background_enable_image=&#8220;off&#8220; background_size=&#8220;initial&#8220; background_position=&#8220;bottom_right&#8220; custom_margin=&#8220;||||false|false&#8220;][et_pb_row _builder_version=&#8220;4.3.4&#8243;][et_pb_column type=&#8220;4_4&#8243; _builder_version=&#8220;4.3.4&#8243;][et_pb_text _builder_version=&#8220;4.3.4&#8243; text_font_size=&#8220;26px&#8220; text_orientation=&#8220;center&#8220;]Lieber Besucher, [&hellip;]<\/p>\n","protected":false},"author":1,"featured_media":0,"parent":302,"menu_order":0,"comment_status":"closed","ping_status":"closed","template":"","meta":{"_et_pb_use_builder":"on","_et_pb_old_content":"","_et_gb_content_width":"","footnotes":""},"_links":{"self":[{"href":"https:\/\/farmer.ch\/landwirtschaft\/wp-json\/wp\/v2\/pages\/331"}],"collection":[{"href":"https:\/\/farmer.ch\/landwirtschaft\/wp-json\/wp\/v2\/pages"}],"about":[{"href":"https:\/\/farmer.ch\/landwirtschaft\/wp-json\/wp\/v2\/types\/page"}],"author":[{"embeddable":true,"href":"https:\/\/farmer.ch\/landwirtschaft\/wp-json\/wp\/v2\/users\/1"}],"replies":[{"embeddable":true,"href":"https:\/\/farmer.ch\/landwirtschaft\/wp-json\/wp\/v2\/comments?post=331"}],"version-history":[{"count":12,"href":"https:\/\/farmer.ch\/landwirtschaft\/wp-json\/wp\/v2\/pages\/331\/revisions"}],"predecessor-version":[{"id":1000,"href":"https:\/\/farmer.ch\/landwirtschaft\/wp-json\/wp\/v2\/pages\/331\/revisions\/1000"}],"up":[{"embeddable":true,"href":"https:\/\/farmer.ch\/landwirtschaft\/wp-json\/wp\/v2\/pages\/302"}],"wp:attachment":[{"href":"https:\/\/farmer.ch\/landwirtschaft\/wp-json\/wp\/v2\/media?parent=331"}],"curies":[{"name":"wp","href":"https:\/\/api.w.org\/{rel}","templated":true}]}}